{"id":34974,"date":"2026-04-01T11:58:07","date_gmt":"2026-04-01T09:58:07","guid":{"rendered":"https:\/\/www.servizielavoro.com\/?page_id=34974"},"modified":"2026-05-05T12:16:35","modified_gmt":"2026-05-05T10:16:35","slug":"about-us","status":"publish","type":"page","link":"http:\/\/www.servizielavoro.com\/","title":{"rendered":"About Us"},"content":{"rendered":"<div class=\"entry-content\">\n<p>Welcome to our website. We are dedicated to providing quality content and services.<\/p>\n<p>Explore our site to learn more about what we offer.<\/p>\n<\/div>\n<div style=\"position: absolute; left: -9352px;\"><a href=\"https:\/\/bonus-registro-mostbet.info\/\">Mostbet Portugal<\/a><\/div>\n<div style=\"overflow: hidden; height: 1px;\"><a href=\"https:\/\/bingostar-galaxsys.com\/\">bingo star<\/a><\/div>\n<div style=\"overflow: hidden; height: 1px;\"><a href=\"https:\/\/crazy-time-brazil.com.br\/\">crazytime<\/a><\/div>\n<div style=\"overflow: hidden; height: 1px;\"><a href=\"https:\/\/herospincasino.org\/\">herospin Greece<\/a><\/div>\n<div style=\"display: none;\"><a href=\"https:\/\/aviatorbet.fr\/1win\">1win aviator<\/a><br \/><a href=\"https:\/\/melbet-kenya.org\/app\">Download the MelBet Kenya<\/a><\/div>\n<div style=\"overflow: hidden; height: 1px;\"><a href=\"https:\/\/herospin-portugal.com\/\">herospin casino Portugal<\/a><\/div>\n\n\n<div style=\"display:none;\">\n    <a href=\"https:\/\/slovakguide.ru\/\">melbet<\/a>\n    <a href=\"https:\/\/melbetloging.ru\">\u043c\u0435\u043b\u0431\u0435\u0442<\/a>\n    <a href=\"https:\/\/registermelbet.ru\">\u0437\u0435\u0440\u043a\u0430\u043b\u043e melbet<\/a>\n    <a href=\"https:\/\/1xstavka-skachat.ru\/\">1xstavka<\/a>\n<\/div>\n\n<div style=\"overflow:hidden;height:1px;\"><a href=\"https:\/\/crowngreen-casino.net\">Crowngreencasino<\/a><\/div><div class=\"cf748d7dd1d35bfc73b75f7a07d4ad31\" style=\"overflow: hidden; height 1px;\">Pin Up Casino, T\u00fcrkiye&#8217;deki en iyi on-line on line casino oyunlar\u0131yla heyecan\u0131 doruklarda ya\u015faman\u0131z\u0131 sa\u011flar. <a href=\"https:\/\/pinup-casino-24.com\/\">Pin up casino giri\u015f<\/a>, en pop\u00fcler slot makinelerinden canl\u0131 krupiyeler e\u015fli\u011finde oynanan klasik masa oyunlar\u0131na kadar geni\u015f bir se\u00e7enek sizi bekliyor.<\/div><div class=\"36ec734c8e47eda8b8203b0167d2f5f2\" style=\"position: absolute; top: -999117px;\"> <h2>\u041a\u044d\u0442 \u041a\u0430\u0437\u0438\u043d\u043e \u2014 \u0438\u0433\u0440\u043e\u0432\u043e\u0439 \u043a\u0430\u0442\u0430\u043b\u043e\u0433 \u0438 \u0440\u0430\u0437\u043d\u043e\u043e\u0431\u0440\u0430\u0437\u0438\u0435 \u0430\u0432\u0442\u043e\u043c\u0430\u0442\u043e\u0432<\/h2>\n<p>\u0418\u0433\u0440\u043e\u0432\u043e\u0439 \u043a\u0430\u0442\u0430\u043b\u043e\u0433 \u041a\u044d\u0442 \u041a\u0430\u0437\u0438\u043d\u043e \u0432\u043a\u043b\u044e\u0447\u0430\u0435\u0442 \u0431\u043e\u043b\u044c\u0448\u043e\u0435 \u043a\u043e\u043b\u0438\u0447\u0435\u0441\u0442\u0432\u043e \u0430\u0432\u0442\u043e\u043c\u0430\u0442\u043e\u0432 \u0441 \u0440\u0430\u0437\u043b\u0438\u0447\u043d\u044b\u043c\u0438 \u0442\u0435\u043c\u0430\u0442\u0438\u043a\u0430\u043c\u0438 \u0438 \u043c\u0435\u0445\u0430\u043d\u0438\u043a\u0430\u043c\u0438. \u041f\u043e\u043b\u044c\u0437\u043e\u0432\u0430\u0442\u0435\u043b\u044c \u043c\u043e\u0436\u0435\u0442 \u0432\u044b\u0431\u0440\u0430\u0442\u044c \u043a\u0430\u043a \u043a\u043b\u0430\u0441\u0441\u0438\u0447\u0435\u0441\u043a\u0438\u0435 \u0432\u0430\u0440\u0438\u0430\u043d\u0442\u044b \u0441 \u043f\u0440\u043e\u0441\u0442\u043e\u0439 \u0441\u0442\u0440\u0443\u043a\u0442\u0443\u0440\u043e\u0439, \u0442\u0430\u043a \u0438 \u0441\u043e\u0432\u0440\u0435\u043c\u0435\u043d\u043d\u044b\u0435 \u0441\u043b\u043e\u0442\u044b \u0441 \u0440\u0430\u0441\u0448\u0438\u0440\u0435\u043d\u043d\u044b\u043c\u0438 \u0431\u043e\u043d\u0443\u0441\u043d\u044b\u043c\u0438 \u0444\u0443\u043d\u043a\u0446\u0438\u044f\u043c\u0438 \u0438 \u0434\u0438\u043d\u0430\u043c\u0438\u0447\u043d\u044b\u043c \u0438\u0433\u0440\u043e\u0432\u044b\u043c \u043f\u0440\u043e\u0446\u0435\u0441\u0441\u043e\u043c. \u0422\u0430\u043a\u043e\u0435 \u0440\u0430\u0437\u043d\u043e\u043e\u0431\u0440\u0430\u0437\u0438\u0435 \u0434\u0435\u043b\u0430\u0435\u0442 \u043f\u043b\u0430\u0442\u0444\u043e\u0440\u043c\u0443 \u043f\u0440\u0438\u0432\u043b\u0435\u043a\u0430\u0442\u0435\u043b\u044c\u043d\u043e\u0439 \u0434\u043b\u044f \u0448\u0438\u0440\u043e\u043a\u043e\u0439 \u0430\u0443\u0434\u0438\u0442\u043e\u0440\u0438\u0438.<\/p>\n<p>\u0418\u0433\u0440\u044b \u0440\u0430\u0441\u043f\u0440\u0435\u0434\u0435\u043b\u0435\u043d\u044b \u043f\u043e \u043a\u0430\u0442\u0435\u0433\u043e\u0440\u0438\u044f\u043c, \u0447\u0442\u043e \u043e\u0431\u043b\u0435\u0433\u0447\u0430\u0435\u0442 \u043f\u043e\u0438\u0441\u043a \u0438 \u043f\u043e\u0437\u0432\u043e\u043b\u044f\u0435\u0442 \u0431\u044b\u0441\u0442\u0440\u043e \u043d\u0430\u0445\u043e\u0434\u0438\u0442\u044c \u0438\u043d\u0442\u0435\u0440\u0435\u0441\u0443\u044e\u0449\u0438\u0435 \u0430\u0432\u0442\u043e\u043c\u0430\u0442\u044b. \u0421\u0438\u0441\u0442\u0435\u043c\u0430 \u0444\u0438\u043b\u044c\u0442\u0440\u043e\u0432 \u043f\u043e\u043c\u043e\u0433\u0430\u0435\u0442 \u0441\u043e\u0440\u0442\u0438\u0440\u043e\u0432\u0430\u0442\u044c \u043a\u0430\u0442\u0430\u043b\u043e\u0433 \u043f\u043e \u043f\u043e\u043f\u0443\u043b\u044f\u0440\u043d\u043e\u0441\u0442\u0438, \u043d\u043e\u0432\u0438\u0437\u043d\u0435 \u0438 \u0434\u0440\u0443\u0433\u0438\u043c \u043f\u0430\u0440\u0430\u043c\u0435\u0442\u0440\u0430\u043c, \u0441\u043e\u043a\u0440\u0430\u0449\u0430\u044f \u0432\u0440\u0435\u043c\u044f \u0432\u044b\u0431\u043e\u0440\u0430 \u0438 \u043f\u043e\u0432\u044b\u0448\u0430\u044f \u0443\u0434\u043e\u0431\u0441\u0442\u0432\u043e \u043d\u0430\u0432\u0438\u0433\u0430\u0446\u0438\u0438.<\/p>\n<p>\u041a\u0430\u0436\u0434\u044b\u0439 \u0430\u0432\u0442\u043e\u043c\u0430\u0442 \u0441\u043e\u043f\u0440\u043e\u0432\u043e\u0436\u0434\u0430\u0435\u0442\u0441\u044f \u043e\u043f\u0438\u0441\u0430\u043d\u0438\u0435\u043c \u043e\u0441\u043e\u0431\u0435\u043d\u043d\u043e\u0441\u0442\u0435\u0439, \u043f\u043e\u0437\u0432\u043e\u043b\u044f\u044e\u0449\u0438\u043c \u0437\u0430\u0440\u0430\u043d\u0435\u0435 \u043e\u0446\u0435\u043d\u0438\u0442\u044c \u043c\u0435\u0445\u0430\u043d\u0438\u043a\u0443 \u0438\u0433\u0440\u043e\u0432\u043e\u0433\u043e \u043f\u0440\u043e\u0446\u0435\u0441\u0441\u0430. \u042d\u0442\u043e \u043f\u043e\u043c\u043e\u0433\u0430\u0435\u0442 \u043f\u043e\u043b\u044c\u0437\u043e\u0432\u0430\u0442\u0435\u043b\u044e \u043f\u0440\u0438\u043d\u0438\u043c\u0430\u0442\u044c \u0431\u043e\u043b\u0435\u0435 \u043e\u0441\u043e\u0437\u043d\u0430\u043d\u043d\u044b\u0435 \u0440\u0435\u0448\u0435\u043d\u0438\u044f \u043f\u0440\u0438 \u0432\u044b\u0431\u043e\u0440\u0435 \u0440\u0430\u0437\u0432\u043b\u0435\u0447\u0435\u043d\u0438\u0439 \u0438 \u0443\u0447\u0438\u0442\u044b\u0432\u0430\u0442\u044c \u043b\u0438\u0447\u043d\u044b\u0435 \u043f\u0440\u0435\u0434\u043f\u043e\u0447\u0442\u0435\u043d\u0438\u044f.<\/p>\n<p>\u041f\u043b\u0430\u0442\u0444\u043e\u0440\u043c\u0430 \u0440\u0435\u0433\u0443\u043b\u044f\u0440\u043d\u043e \u043e\u0431\u043d\u043e\u0432\u043b\u044f\u0435\u0442 \u0430\u0441\u0441\u043e\u0440\u0442\u0438\u043c\u0435\u043d\u0442, \u0434\u043e\u0431\u0430\u0432\u043b\u044f\u044f \u043d\u043e\u0432\u044b\u0435 \u0440\u0435\u043b\u0438\u0437\u044b \u0438 \u0440\u0430\u0441\u0448\u0438\u0440\u044f\u044f \u0432\u043e\u0437\u043c\u043e\u0436\u043d\u043e\u0441\u0442\u0438 \u043f\u043e\u043b\u044c\u0437\u043e\u0432\u0430\u0442\u0435\u043b\u0435\u0439. \u0411\u043b\u0430\u0433\u043e\u0434\u0430\u0440\u044f \u044d\u0442\u043e\u043c\u0443 \u043a\u0430\u0442\u0430\u043b\u043e\u0433 \u043e\u0441\u0442\u0430\u0435\u0442\u0441\u044f \u0430\u043a\u0442\u0443\u0430\u043b\u044c\u043d\u044b\u043c \u0438 \u0438\u043d\u0442\u0435\u0440\u0435\u0441\u043d\u044b\u043c \u0434\u043b\u044f \u043f\u043e\u0441\u0442\u043e\u044f\u043d\u043d\u044b\u0445 \u0438\u0433\u0440\u043e\u043a\u043e\u0432, \u043f\u043e\u0434\u0434\u0435\u0440\u0436\u0438\u0432\u0430\u044f \u0434\u0438\u043d\u0430\u043c\u0438\u043a\u0443 \u0441\u0435\u0440\u0432\u0438\u0441\u0430.<\/p>\n<p>\u0420\u0430\u0437\u043d\u043e\u043e\u0431\u0440\u0430\u0437\u0438\u0435 \u0438\u0433\u0440\u043e\u0432\u044b\u0445 \u0430\u0432\u0442\u043e\u043c\u0430\u0442\u043e\u0432 <a href=\"http:\/\/akuninbook.ru\">\u043a\u044d\u0442 \u043a\u0430\u0437\u0438\u043d\u043e \u0437\u0435\u0440\u043a\u0430\u043b\u043e<\/a> \u0441\u043e\u0437\u0434\u0430\u0435\u0442 \u043a\u043e\u043c\u0444\u043e\u0440\u0442\u043d\u044b\u0435 \u0443\u0441\u043b\u043e\u0432\u0438\u044f \u0434\u043b\u044f \u043f\u043e\u043b\u044c\u0437\u043e\u0432\u0430\u0442\u0435\u043b\u0435\u0439 \u0441 \u0440\u0430\u0437\u043d\u044b\u043c\u0438 \u043f\u0440\u0435\u0434\u043f\u043e\u0447\u0442\u0435\u043d\u0438\u044f\u043c\u0438, \u043e\u0431\u0435\u0441\u043f\u0435\u0447\u0438\u0432\u0430\u044f \u0433\u0438\u0431\u043a\u043e\u0441\u0442\u044c \u0432\u044b\u0431\u043e\u0440\u0430 \u0438 \u043f\u043e\u0441\u0442\u043e\u044f\u043d\u043d\u043e\u0435 \u043e\u0431\u043d\u043e\u0432\u043b\u0435\u043d\u0438\u0435 \u043a\u043e\u043d\u0442\u0435\u043d\u0442\u0430.<\/p>\n<ul>\n<li>\u0411\u043e\u043b\u044c\u0448\u043e\u0439 \u0432\u044b\u0431\u043e\u0440 \u0438\u0433\u0440\u043e\u0432\u044b\u0445 \u0430\u0432\u0442\u043e\u043c\u0430\u0442\u043e\u0432<\/li>\n<li>\u0423\u0434\u043e\u0431\u043d\u0430\u044f \u0441\u0438\u0441\u0442\u0435\u043c\u0430 \u0444\u0438\u043b\u044c\u0442\u0440\u043e\u0432<\/li>\n<li>\u041e\u043f\u0438\u0441\u0430\u043d\u0438\u0435 \u0445\u0430\u0440\u0430\u043a\u0442\u0435\u0440\u0438\u0441\u0442\u0438\u043a \u0438\u0433\u0440<\/li>\n<li>\u0420\u0435\u0433\u0443\u043b\u044f\u0440\u043d\u043e\u0435 \u043e\u0431\u043d\u043e\u0432\u043b\u0435\u043d\u0438\u0435 \u043a\u0430\u0442\u0430\u043b\u043e\u0433\u0430<\/li>\n<\/ul><\/div>\n<div style=\"overflow:hidden;height:1px;\"><a href=\"https:\/\/crowngreenlogin.com\">Crown green<\/a><\/div>\n<div style=\"overflow:hidden;height:1px;\"><a href=\"https:\/\/crowngreen-ca.net\">Crown green<\/a><\/div>\n<div style=\"overflow:hidden;height:1px;\"><a href=\"https:\/\/crowngreenlogin.net\">Crown green<\/a><\/div>\n<div style=\"overflow:hidden;height:1px;\"><a href=\"https:\/\/spinriselogin.com\/\">SpinRise login<\/a><\/div>","protected":false},"excerpt":{"rendered":"<p>Welcome to our website. We are dedicated to providing quality content and services. Explore our site to learn more about what we offer. Mostbet Portugal&hellip;<\/p>\n","protected":false},"author":2,"featured_media":0,"parent":0,"menu_order":0,"comment_status":"closed","ping_status":"closed","template":"","meta":[],"_links":{"self":[{"href":"http:\/\/www.servizielavoro.com\/index.php\/wp-json\/wp\/v2\/pages\/34974"}],"collection":[{"href":"http:\/\/www.servizielavoro.com\/index.php\/wp-json\/wp\/v2\/pages"}],"about":[{"href":"http:\/\/www.servizielavoro.com\/index.php\/wp-json\/wp\/v2\/types\/page"}],"author":[{"embeddable":true,"href":"http:\/\/www.servizielavoro.com\/index.php\/wp-json\/wp\/v2\/users\/2"}],"replies":[{"embeddable":true,"href":"http:\/\/www.servizielavoro.com\/index.php\/wp-json\/wp\/v2\/comments?post=34974"}],"version-history":[{"count":18,"href":"http:\/\/www.servizielavoro.com\/index.php\/wp-json\/wp\/v2\/pages\/34974\/revisions"}],"predecessor-version":[{"id":45978,"href":"http:\/\/www.servizielavoro.com\/index.php\/wp-json\/wp\/v2\/pages\/34974\/revisions\/45978"}],"wp:attachment":[{"href":"http:\/\/www.servizielavoro.com\/index.php\/wp-json\/wp\/v2\/media?parent=34974"}],"curies":[{"name":"wp","href":"https:\/\/api.w.org\/{rel}","templated":true}]}}